s of 9982?
2, 7, 23, 31
List the prime factors of 1110.
2, 3, 5, 37
What are the prime factors of 839?
839
List the prime factors of 373.
373
What are the prime factors of 39621?
3, 47, 281
List the prime factors of 104494.
2, 13, 4019
What are the prime factors of 367?
367
List the prime factors of 2783.
11, 23
List the prime factors of 4938.
2, 3, 823
List the prime factors of 10328.
2, 1291
List the prime factors of 21398.
2, 13, 823
List the prime factors of 1139.
17, 67
What are the prime factors of 3435?
3, 5, 229
What are the prime factors of 14900?
2, 5, 149
List the prime factors of 54744.
2, 3, 2281
What are the prime factors of 56339?
53, 1063
List the prime factors of 26219.
157, 167
List the prime factors of 26201.
7, 19, 197
List the prime factors of 19020.
2, 3, 5, 317
List the prime factors of 19350.
2, 3, 5, 43
What are the prime factors of 6441?
3, 19, 113
What are the prime factors of 347?
347
What are the prime factors of 1086?
2, 3, 181
List the prime factors of 77507.
179, 433
List the prime factors of 13169.
13, 1013
What are the prime factors of 14827?
14827
What are the prime factors of 525?
3, 5, 7
List the prime factors of 1142.
2, 571
List the prime factors of 1297.
1297
What are the prime factors of 18144?
2, 3, 7
What are the prime factors of 15114?
2, 3, 11, 229
What are the prime factors of 818?
2, 409
What are the prime factors of 2555?
5, 7, 73
List the prime factors of 673.
673
What are the prime factors of 6513?
3, 13, 167
List the prime factors of 1453.
1453
List the prime factors of 2525.
5, 101
What are the prime factors of 29762?
2, 23, 647
List the prime factors of 4051.
4051
List the prime factors of 3588.
2, 3, 13, 23
What are the prime factors of 961?
31
List the prime factors of 7848.
2, 3, 109
What are the prime factors of 4165?
5, 7, 17
List the prime factors of 16003.
13, 1231
What are the prime factors of 173?
173
What are the prime factors of 476?
2, 7, 17
What are the prime factors of 1149?
3, 383
What are the prime factors of 3203?
3203
List the prime factors of 224.
2, 7
List the prime factors of 29455.
5, 43, 137
List the prime factors of 55069.
7, 7867
What are the prime factors of 39081?
3, 7, 1861
List the prime factors of 614.
2, 307
List the prime factors of 20091.
3, 37, 181
What are the prime factors of 6051?
3, 2017
What are the prime factors of 12411?
3, 7, 197
What are the prime factors of 1074?
2, 3, 179
What are the prime factors of 329?
7, 47
List the prime factors of 71487.
3, 13, 47
List the prime factors of 37956.
2, 3, 3163
List the prime factors of 39606.
2, 3, 7, 23, 41
What are the prime factors of 13100?
2, 5, 131
What are the prime factors of 1623?
3, 541
List the prime factors of 12332.
2, 3083
List the prime factors of 45859.
11, 379
List the prime factors of 5091.
3, 1697
List the prime factors of 549.
3, 61
What are the prime factors of 37239?
3, 12413
What are the prime factors of 890?
2, 5, 89
What are the prime factors of 5778?
2, 3, 107
List the prime factors of 25640.
2, 5, 641
List the prime factors of 4044.
2, 3, 337
List the prime factors of 4027.
4027
List the prime factors of 21405.
3, 5, 1427
What are the prime factors of 63756?
2, 3, 7, 11, 23
What are the prime factors of 1483?
1483
List the prime factors of 43885.
5, 67, 131
List the prime factors of 1144.
2, 11, 13
List the prime factors of 183.
3, 61
What are the prime factors of 99848?
2, 7, 1783
What are the prime factors of 88?
2, 11
List the prime factors of 45602.
2, 151
List the prime factors of 10355.
5, 19, 109
What are the prime factors of 10352?
2, 647
What are the prime factors of 62503?
7, 8929
What are the prime factors of 1852?
2, 463
List the prime factors of 1963.
13, 151
List the prime factors of 2367.
3, 263
List the prime factors of 2368.
2, 37
List the prime factors of 6693.
3, 23, 97
What are the prime factors of 8499?
3, 2833
List the prime factors of 51192.
2, 3, 79
What are the prime factors of 5355?
3, 5, 7, 17
List the prime factors of 790.
2, 5, 79
What are the prime factors of 28040?
2, 5, 701
List the prime factors of 1309.
7, 11, 17
What are the prime factors of 6204?
2, 3, 11, 47
What are the prime factors of 1438?
2, 719
What are the prime factors of 895?
5, 179
List the prime factors of 49519.
23, 2153
What are the prime factors of 12858?
2, 3, 2143
List the prime factors of 18829.
19, 991
What are the prime factors of 1323?
3, 7
What are the prime factors of 9619?
9619
List the prime factors of 7766.
2, 11, 353
What are the prime factors of 10766?
2, 7, 769
List the prime factors of 1704.
2, 3, 71
List the prime factors of 23409.
3, 17
List the prime factors of 6058.
2, 13, 233
List the prime factors of 25519.
13, 151
What are the prime factors of 3233?
53, 61
List the prime factors of 86095.
5, 67, 257
List the prime factors of 2874.
2, 3, 479
List the prime factors of 5754.
2, 3, 7, 137
List the prime factors of 103299.
3, 7, 4919
What are the prime factors of 7792?
2, 487
What are the prime factors of 7161?
3, 7, 11, 31
List the prime factors of 744.
2, 3, 31
List the prime factors of 682.
2, 11, 31
What are the prime factors of 6235?
5, 29, 43
What are the prime factors of 38011?
38011
List the prime factors of 869.
11, 79
List the prime factors of 110320.
2, 5, 7, 197
What are the prime factors of 1168?
2, 73
List the prime factors of 39456.
2, 3, 137
What are the prime factors of 3304?
2, 7, 59
What are the prime factors of 1110?
2, 3, 5, 37
List the prime factors of 1527.
3, 509
What are the prime factors of 443?
443
List the prime factors of 9494.
2, 47, 101
What are the prime factors of 13301?
47, 283
List the prime factors of 19077.
3, 6359
List the prime factors of 3024.
2, 3, 7
List the prime factors of 2486.
2, 11, 113
List the prime factors of 1333.
31, 43
What are the prime factors of 1268?
2, 317
What are the prime factors of 2337?
3, 19, 41
What are the prime factors of 2308?
2, 577
What are the prime factors of 39129?
3, 13043
What are the prime factors of 2117?
29, 73
List the prime factors of 16476.
2, 3, 1373
What are the prime factors of 2351?
2351
List the prime factors of 3560.
2, 5, 89
List the prime factors of 4603.
4603
What are the prime factors of 2649?
3, 883
What are the prime factors of 4570?
2, 5, 457
What are the prime factors of 4971?
3, 1657
List the prime factors of 1473.
3, 491
What are the prime factors of 1533?
3, 7, 73
List the prime factors of 155468.
2, 38867
List the prime factors of 5551.
7, 13, 61
What are the prime factors of 26037?
3, 11, 263
What are the prime factors of 1716?
2, 3, 11, 13
What are the prime factors of 42661?
37, 1153
List the prime factors of 85.
5, 17
List the prime factors of 2717.
11, 13, 19
What are the prime factors of 487?
487
What are the prime factors of 672?
2, 3, 7
List the prime factors of 529.
23
What are the prime factors of 11986?
2, 13, 461
What are the prime factors of 1539?
3, 19
What are the prime factors of 4769?
19, 251
List the prime factors of 20680.
2, 5, 11, 47
List the prime factors of 2482.
2, 17, 73
What are the prime factors of 1606?
2, 11, 73
List the prime factors of 24848.
2, 1553
What are the prime factors of 5094?
2, 3, 283
List the prime factors of 894.
2, 3, 149
List the prime factors of 19306.
2, 7, 197
What are the prime factors of 41758?
2, 20879
List the prime factors of 7260.
2, 3, 5, 11
What are the prime factors of 19781?
131, 151
List the prime factors of 127435.
5, 7, 11, 331
List the prime factors of 18653.
23, 811
List the prime factors of 126505.
5, 25301
List the prime factors of 11178.
2, 3, 23
List the prime factors of 64695.
3, 5, 19, 227
What are the prime factors of 2437?
2437
What are the prime factors of 11501?
7, 31, 53
What are the prime factors of 8071?
7, 1153
What are the prime factors of 11294?
2, 5647
List the prime factors of 6109.
41, 149
What are the prime factors of 5322?
2, 3, 887
List the prime factors of 19173.
3, 7, 11, 83
List the prime factors of 35324.
2, 8831
What are the prime factors of 8209?
8209
What are the prime factors of 10293?
3, 47, 73
What are the prime factors of 1684?
2, 421
List the prime factors of 75.
3, 5
List the prime factors of 940.
2, 5, 47
What are the prime factors of 309?
3, 103
What are the prime f